{"id":10792,"date":"2016-07-01T00:00:00","date_gmt":"2016-06-07T06:58:31","guid":{"rendered":"http:\/\/eco-press.cmsmasters.net\/?post_type=tribe_events&#038;p=10792"},"modified":"2022-06-06T18:08:22","modified_gmt":"2022-06-06T23:08:22","slug":"agasajo-dia-de-la-madre-del-8-de-mayo","status":"publish","type":"tribe_events","link":"https:\/\/rayitodesol.edu.ec\/index.php\/event\/agasajo-dia-de-la-madre-del-8-de-mayo\/","title":{"rendered":"Agasajo D\u00eda de la Madre del 8 de Mayo"},"content":{"rendered":"<p>Fecha en la que se festeja a cada una de las mamitas Rayito de Sol destacando su amor incondicional y la capacidad de entrega y devoci\u00f3n que tienen todas con sus hijos.<\/p>\n<p>Se celebra en nuestra instituci\u00f3n, el segundo viernes del mes de mayo. Este d\u00eda homenajeamos a mam\u00e1 con una peque\u00f1a sesi\u00f3n de fotos junto a su ni\u00f1o y adem\u00e1s se hace la entrega de detalles especiales como manualidades o tarjetas realizadas por cada uno de ellos.<\/p>\n<p>&nbsp;<\/p>\n","protected":false},"excerpt":{"rendered":"<p>Fecha en la que se festeja a cada una de las mamitas Rayito de Sol destacando su amor incondicional y la capacidad de entrega y devoci\u00f3n que tienen todas con sus hijos.<br \/>\nSe celebra en nuestra instituci\u00f3n, el segundo viernes del mes de mayo. Este d\u00eda homenajeamos a mam\u00e1 con una peque\u00f1a sesi\u00f3n de fotos junto a su ni\u00f1o y adem\u00e1s se hace la entrega de detalles especiales como manualidades o tarjetas realizadas por cada uno de ellos. <\/p>\n","protected":false},"author":3,"featured_media":14640,"template":"","meta":{"om_disable_all_campaigns":false,"_monsterinsights_skip_tracking":false,"_monsterinsights_sitenote_active":false,"_monsterinsights_sitenote_note":"","_monsterinsights_sitenote_category":0,"_tribe_events_status":"","_tribe_events_status_reason":"","footnotes":""},"tags":[],"tribe_events_cat":[30],"class_list":["post-10792","tribe_events","type-tribe_events","status-publish","has-post-thumbnail","hentry","tribe_events_cat-dias-festivos","cat_dias-festivos"],"yoast_head":"<!-- This site is optimized with the Yoast SEO plugin v27.5 - https:\/\/yoast.com\/product\/yoast-seo-wordpress\/ -->\n<title>Agasajo D\u00eda de la Madre del 8 de Mayo - Rayito de Sol<\/title>\n<meta name=\"robots\" content=\"index, follow, max-snippet:-1, max-image-preview:large, max-video-preview:-1\" \/>\n<link rel=\"canonical\" href=\"https:\/\/rayitodesol.edu.ec\/index.php\/event\/agasajo-dia-de-la-madre-del-8-de-mayo\/\" \/>\n<meta property=\"og:locale\" content=\"es_ES\" \/>\n<meta property=\"og:type\" content=\"article\" \/>\n<meta property=\"og:title\" content=\"Agasajo D\u00eda de la Madre del 8 de Mayo - Rayito de Sol\" \/>\n<meta property=\"og:description\" content=\"Fecha en la que se festeja a cada una de las mamitas Rayito de Sol destacando su amor incondicional y la capacidad de entrega y devoci\u00f3n que tienen todas con sus hijos.  Se celebra en nuestra instituci\u00f3n, el segundo viernes del mes de mayo. Este d\u00eda homenajeamos a mam\u00e1 con una peque\u00f1a sesi\u00f3n de fotos junto a su ni\u00f1o y adem\u00e1s se hace la entrega de detalles especiales como manualidades o tarjetas realizadas por cada uno de ellos.\" \/>\n<meta property=\"og:url\" content=\"https:\/\/rayitodesol.edu.ec\/index.php\/event\/agasajo-dia-de-la-madre-del-8-de-mayo\/\" \/>\n<meta property=\"og:site_name\" content=\"Rayito de Sol\" \/>\n<meta property=\"article:modified_time\" content=\"2022-06-06T23:08:22+00:00\" \/>\n<meta property=\"og:image\" content=\"https:\/\/rayitodesol.edu.ec\/wp-content\/uploads\/2016\/07\/3.jpg\" \/>\n\t<meta property=\"og:image:width\" content=\"768\" \/>\n\t<meta property=\"og:image:height\" content=\"1024\" \/>\n\t<meta property=\"og:image:type\" content=\"image\/jpeg\" \/>\n<meta name=\"twitter:card\" content=\"summary_large_image\" \/>\n<meta name=\"twitter:label1\" content=\"Tiempo de lectura\" \/>\n\t<meta name=\"twitter:data1\" content=\"1 minuto\" \/>\n<script type=\"application\/ld+json\" class=\"yoast-schema-graph\">{\"@context\":\"https:\\\/\\\/schema.org\",\"@graph\":[{\"@type\":\"WebPage\",\"@id\":\"https:\\\/\\\/rayitodesol.edu.ec\\\/index.php\\\/event\\\/agasajo-dia-de-la-madre-del-8-de-mayo\\\/\",\"url\":\"https:\\\/\\\/rayitodesol.edu.ec\\\/index.php\\\/event\\\/agasajo-dia-de-la-madre-del-8-de-mayo\\\/\",\"name\":\"Agasajo D\u00eda de la Madre del 8 de Mayo - Rayito de Sol\",\"isPartOf\":{\"@id\":\"https:\\\/\\\/rayitodesol.edu.ec\\\/#website\"},\"primaryImageOfPage\":{\"@id\":\"https:\\\/\\\/rayitodesol.edu.ec\\\/index.php\\\/event\\\/agasajo-dia-de-la-madre-del-8-de-mayo\\\/#primaryimage\"},\"image\":{\"@id\":\"https:\\\/\\\/rayitodesol.edu.ec\\\/index.php\\\/event\\\/agasajo-dia-de-la-madre-del-8-de-mayo\\\/#primaryimage\"},\"thumbnailUrl\":\"https:\\\/\\\/i0.wp.com\\\/rayitodesol.edu.ec\\\/wp-content\\\/uploads\\\/2016\\\/07\\\/3.jpg?fit=768%2C1024&ssl=1\",\"datePublished\":\"2016-06-07T06:58:31+00:00\",\"dateModified\":\"2022-06-06T23:08:22+00:00\",\"breadcrumb\":{\"@id\":\"https:\\\/\\\/rayitodesol.edu.ec\\\/index.php\\\/event\\\/agasajo-dia-de-la-madre-del-8-de-mayo\\\/#breadcrumb\"},\"inLanguage\":\"es\",\"potentialAction\":[{\"@type\":\"ReadAction\",\"target\":[\"https:\\\/\\\/rayitodesol.edu.ec\\\/index.php\\\/event\\\/agasajo-dia-de-la-madre-del-8-de-mayo\\\/\"]}]},{\"@type\":\"ImageObject\",\"inLanguage\":\"es\",\"@id\":\"https:\\\/\\\/rayitodesol.edu.ec\\\/index.php\\\/event\\\/agasajo-dia-de-la-madre-del-8-de-mayo\\\/#primaryimage\",\"url\":\"https:\\\/\\\/i0.wp.com\\\/rayitodesol.edu.ec\\\/wp-content\\\/uploads\\\/2016\\\/07\\\/3.jpg?fit=768%2C1024&ssl=1\",\"contentUrl\":\"https:\\\/\\\/i0.wp.com\\\/rayitodesol.edu.ec\\\/wp-content\\\/uploads\\\/2016\\\/07\\\/3.jpg?fit=768%2C1024&ssl=1\",\"width\":768,\"height\":1024},{\"@type\":\"BreadcrumbList\",\"@id\":\"https:\\\/\\\/rayitodesol.edu.ec\\\/index.php\\\/event\\\/agasajo-dia-de-la-madre-del-8-de-mayo\\\/#breadcrumb\",\"itemListElement\":[{\"@type\":\"ListItem\",\"position\":1,\"name\":\"Home\",\"item\":\"https:\\\/\\\/rayitodesol.edu.ec\\\/\"},{\"@type\":\"ListItem\",\"position\":2,\"name\":\"Events\",\"item\":\"https:\\\/\\\/rayitodesol.edu.ec\\\/index.php\\\/events\\\/\"},{\"@type\":\"ListItem\",\"position\":3,\"name\":\"Agasajo D\u00eda de la Madre del 8 de Mayo\"}]},{\"@type\":\"WebSite\",\"@id\":\"https:\\\/\\\/rayitodesol.edu.ec\\\/#website\",\"url\":\"https:\\\/\\\/rayitodesol.edu.ec\\\/\",\"name\":\"Rayito de Sol\",\"description\":\"Jard\u00edn - Escuela Particular y Cuidado Diario\",\"potentialAction\":[{\"@type\":\"SearchAction\",\"target\":{\"@type\":\"EntryPoint\",\"urlTemplate\":\"https:\\\/\\\/rayitodesol.edu.ec\\\/?s={search_term_string}\"},\"query-input\":{\"@type\":\"PropertyValueSpecification\",\"valueRequired\":true,\"valueName\":\"search_term_string\"}}],\"inLanguage\":\"es\"}]}<\/script>\n<!-- \/ Yoast SEO plugin. -->","yoast_head_json":{"title":"Agasajo D\u00eda de la Madre del 8 de Mayo - Rayito de Sol","robots":{"index":"index","follow":"follow","max-snippet":"max-snippet:-1","max-image-preview":"max-image-preview:large","max-video-preview":"max-video-preview:-1"},"canonical":"https:\/\/rayitodesol.edu.ec\/index.php\/event\/agasajo-dia-de-la-madre-del-8-de-mayo\/","og_locale":"es_ES","og_type":"article","og_title":"Agasajo D\u00eda de la Madre del 8 de Mayo - Rayito de Sol","og_description":"Fecha en la que se festeja a cada una de las mamitas Rayito de Sol destacando su amor incondicional y la capacidad de entrega y devoci\u00f3n que tienen todas con sus hijos.  Se celebra en nuestra instituci\u00f3n, el segundo viernes del mes de mayo. Este d\u00eda homenajeamos a mam\u00e1 con una peque\u00f1a sesi\u00f3n de fotos junto a su ni\u00f1o y adem\u00e1s se hace la entrega de detalles especiales como manualidades o tarjetas realizadas por cada uno de ellos.","og_url":"https:\/\/rayitodesol.edu.ec\/index.php\/event\/agasajo-dia-de-la-madre-del-8-de-mayo\/","og_site_name":"Rayito de Sol","article_modified_time":"2022-06-06T23:08:22+00:00","og_image":[{"width":768,"height":1024,"url":"https:\/\/rayitodesol.edu.ec\/wp-content\/uploads\/2016\/07\/3.jpg","type":"image\/jpeg"}],"twitter_card":"summary_large_image","twitter_misc":{"Tiempo de lectura":"1 minuto"},"schema":{"@context":"https:\/\/schema.org","@graph":[{"@type":"WebPage","@id":"https:\/\/rayitodesol.edu.ec\/index.php\/event\/agasajo-dia-de-la-madre-del-8-de-mayo\/","url":"https:\/\/rayitodesol.edu.ec\/index.php\/event\/agasajo-dia-de-la-madre-del-8-de-mayo\/","name":"Agasajo D\u00eda de la Madre del 8 de Mayo - Rayito de Sol","isPartOf":{"@id":"https:\/\/rayitodesol.edu.ec\/#website"},"primaryImageOfPage":{"@id":"https:\/\/rayitodesol.edu.ec\/index.php\/event\/agasajo-dia-de-la-madre-del-8-de-mayo\/#primaryimage"},"image":{"@id":"https:\/\/rayitodesol.edu.ec\/index.php\/event\/agasajo-dia-de-la-madre-del-8-de-mayo\/#primaryimage"},"thumbnailUrl":"https:\/\/i0.wp.com\/rayitodesol.edu.ec\/wp-content\/uploads\/2016\/07\/3.jpg?fit=768%2C1024&ssl=1","datePublished":"2016-06-07T06:58:31+00:00","dateModified":"2022-06-06T23:08:22+00:00","breadcrumb":{"@id":"https:\/\/rayitodesol.edu.ec\/index.php\/event\/agasajo-dia-de-la-madre-del-8-de-mayo\/#breadcrumb"},"inLanguage":"es","potentialAction":[{"@type":"ReadAction","target":["https:\/\/rayitodesol.edu.ec\/index.php\/event\/agasajo-dia-de-la-madre-del-8-de-mayo\/"]}]},{"@type":"ImageObject","inLanguage":"es","@id":"https:\/\/rayitodesol.edu.ec\/index.php\/event\/agasajo-dia-de-la-madre-del-8-de-mayo\/#primaryimage","url":"https:\/\/i0.wp.com\/rayitodesol.edu.ec\/wp-content\/uploads\/2016\/07\/3.jpg?fit=768%2C1024&ssl=1","contentUrl":"https:\/\/i0.wp.com\/rayitodesol.edu.ec\/wp-content\/uploads\/2016\/07\/3.jpg?fit=768%2C1024&ssl=1","width":768,"height":1024},{"@type":"BreadcrumbList","@id":"https:\/\/rayitodesol.edu.ec\/index.php\/event\/agasajo-dia-de-la-madre-del-8-de-mayo\/#breadcrumb","itemListElement":[{"@type":"ListItem","position":1,"name":"Home","item":"https:\/\/rayitodesol.edu.ec\/"},{"@type":"ListItem","position":2,"name":"Events","item":"https:\/\/rayitodesol.edu.ec\/index.php\/events\/"},{"@type":"ListItem","position":3,"name":"Agasajo D\u00eda de la Madre del 8 de Mayo"}]},{"@type":"WebSite","@id":"https:\/\/rayitodesol.edu.ec\/#website","url":"https:\/\/rayitodesol.edu.ec\/","name":"Rayito de Sol","description":"Jard\u00edn - Escuela Particular y Cuidado Diario","potentialAction":[{"@type":"SearchAction","target":{"@type":"EntryPoint","urlTemplate":"https:\/\/rayitodesol.edu.ec\/?s={search_term_string}"},"query-input":{"@type":"PropertyValueSpecification","valueRequired":true,"valueName":"search_term_string"}}],"inLanguage":"es"}]}},"jetpack_sharing_enabled":true,"_links":{"self":[{"href":"https:\/\/rayitodesol.edu.ec\/index.php\/wp-json\/wp\/v2\/tribe_events\/10792","targetHints":{"allow":["GET"]}}],"collection":[{"href":"https:\/\/rayitodesol.edu.ec\/index.php\/wp-json\/wp\/v2\/tribe_events"}],"about":[{"href":"https:\/\/rayitodesol.edu.ec\/index.php\/wp-json\/wp\/v2\/types\/tribe_events"}],"author":[{"embeddable":true,"href":"https:\/\/rayitodesol.edu.ec\/index.php\/wp-json\/wp\/v2\/users\/3"}],"version-history":[{"count":3,"href":"https:\/\/rayitodesol.edu.ec\/index.php\/wp-json\/wp\/v2\/tribe_events\/10792\/revisions"}],"predecessor-version":[{"id":14641,"href":"https:\/\/rayitodesol.edu.ec\/index.php\/wp-json\/wp\/v2\/tribe_events\/10792\/revisions\/14641"}],"wp:featuredmedia":[{"embeddable":true,"href":"https:\/\/rayitodesol.edu.ec\/index.php\/wp-json\/wp\/v2\/media\/14640"}],"wp:attachment":[{"href":"https:\/\/rayitodesol.edu.ec\/index.php\/wp-json\/wp\/v2\/media?parent=10792"}],"wp:term":[{"taxonomy":"post_tag","embeddable":true,"href":"https:\/\/rayitodesol.edu.ec\/index.php\/wp-json\/wp\/v2\/tags?post=10792"},{"taxonomy":"tribe_events_cat","embeddable":true,"href":"https:\/\/rayitodesol.edu.ec\/index.php\/wp-json\/wp\/v2\/tribe_events_cat?post=10792"}],"curies":[{"name":"wp","href":"https:\/\/api.w.org\/{rel}","templated":true}]}}

Agasajo Día de la Madre del 8 de Mayo

<p>Fecha en la que se festeja a cada una de las mamitas Rayito de Sol destacando su amor incondicional y la capacidad de entrega y devoción que tienen todas con sus hijos.</p>
<p>Se celebra en nuestra institución, el segundo viernes del mes de mayo. Este día homenajeamos a mamá con una pequeña sesión de fotos junto a su niño y además se hace la entrega de detalles especiales como manualidades o tarjetas realizadas por cada uno de ellos.</p>
<p>&nbsp;</p>

<p>Fecha en la que se festeja a cada una de las mamitas Rayito de Sol destacando su amor incondicional y la capacidad de entrega y devoción que tienen todas con sus hijos.<br />
Se celebra en nuestra institución, el segundo viernes del mes de mayo. Este día homenajeamos a mamá con una pequeña sesión de fotos junto a su niño y además se hace la entrega de detalles especiales como manualidades o tarjetas realizadas por cada uno de ellos. </p>

<!-- This site is optimized with the Yoast SEO plugin v27.5 - https://yoast.com/product/yoast-seo-wordpress/ -->
<title>Agasajo Día de la Madre del 8 de Mayo - Rayito de Sol</title>
<meta name="robots" content="index, follow, max-snippet:-1, max-image-preview:large, max-video-preview:-1" />
<link rel="canonical" href="https://rayitodesol.edu.ec/index.php/event/agasajo-dia-de-la-madre-del-8-de-mayo/" />
<meta property="og:locale" content="es_ES" />
<meta property="og:type" content="article" />
<meta property="og:title" content="Agasajo Día de la Madre del 8 de Mayo - Rayito de Sol" />
<meta property="og:description" content="Fecha en la que se festeja a cada una de las mamitas Rayito de Sol destacando su amor incondicional y la capacidad de entrega y devoción que tienen todas con sus hijos.  Se celebra en nuestra institución, el segundo viernes del mes de mayo. Este día homenajeamos a mamá con una pequeña sesión de fotos junto a su niño y además se hace la entrega de detalles especiales como manualidades o tarjetas realizadas por cada uno de ellos." />
<meta property="og:url" content="https://rayitodesol.edu.ec/index.php/event/agasajo-dia-de-la-madre-del-8-de-mayo/" />
<meta property="og:site_name" content="Rayito de Sol" />
<meta property="article:modified_time" content="2022-06-06T23:08:22+00:00" />
<meta property="og:image" content="https://rayitodesol.edu.ec/wp-content/uploads/2016/07/3.jpg" />
	<meta property="og:image:width" content="768" />
	<meta property="og:image:height" content="1024" />
	<meta property="og:image:type" content="image/jpeg" />
<meta name="twitter:card" content="summary_large_image" />
<meta name="twitter:label1" content="Tiempo de lectura" />
	<meta name="twitter:data1" content="1 minuto" />
<script type="application/ld+json" class="yoast-schema-graph">{"@context":"https:\/\/schema.org","@graph":[{"@type":"WebPage","@id":"https:\/\/rayitodesol.edu.ec\/index.php\/event\/agasajo-dia-de-la-madre-del-8-de-mayo\/","url":"https:\/\/rayitodesol.edu.ec\/index.php\/event\/agasajo-dia-de-la-madre-del-8-de-mayo\/","name":"Agasajo Día de la Madre del 8 de Mayo - Rayito de Sol","isPartOf":{"@id":"https:\/\/rayitodesol.edu.ec\/#website"},"primaryImageOfPage":{"@id":"https:\/\/rayitodesol.edu.ec\/index.php\/event\/agasajo-dia-de-la-madre-del-8-de-mayo\/#primaryimage"},"image":{"@id":"https:\/\/rayitodesol.edu.ec\/index.php\/event\/agasajo-dia-de-la-madre-del-8-de-mayo\/#primaryimage"},"thumbnailUrl":"https:\/\/i0.wp.com\/rayitodesol.edu.ec\/wp-content\/uploads\/2016\/07\/3.jpg?fit=768%2C1024&ssl=1","datePublished":"2016-06-07T06:58:31+00:00","dateModified":"2022-06-06T23:08:22+00:00","breadcrumb":{"@id":"https:\/\/rayitodesol.edu.ec\/index.php\/event\/agasajo-dia-de-la-madre-del-8-de-mayo\/#breadcrumb"},"inLanguage":"es","potentialAction":[{"@type":"ReadAction","target":["https:\/\/rayitodesol.edu.ec\/index.php\/event\/agasajo-dia-de-la-madre-del-8-de-mayo\/"]}]},{"@type":"ImageObject","inLanguage":"es","@id":"https:\/\/rayitodesol.edu.ec\/index.php\/event\/agasajo-dia-de-la-madre-del-8-de-mayo\/#primaryimage","url":"https:\/\/i0.wp.com\/rayitodesol.edu.ec\/wp-content\/uploads\/2016\/07\/3.jpg?fit=768%2C1024&ssl=1","contentUrl":"https:\/\/i0.wp.com\/rayitodesol.edu.ec\/wp-content\/uploads\/2016\/07\/3.jpg?fit=768%2C1024&ssl=1","width":768,"height":1024},{"@type":"BreadcrumbList","@id":"https:\/\/rayitodesol.edu.ec\/index.php\/event\/agasajo-dia-de-la-madre-del-8-de-mayo\/#breadcrumb","itemListElement":[{"@type":"ListItem","position":1,"name":"Home","item":"https:\/\/rayitodesol.edu.ec\/"},{"@type":"ListItem","position":2,"name":"Events","item":"https:\/\/rayitodesol.edu.ec\/index.php\/events\/"},{"@type":"ListItem","position":3,"name":"Agasajo Día de la Madre del 8 de Mayo"}]},{"@type":"WebSite","@id":"https:\/\/rayitodesol.edu.ec\/#website","url":"https:\/\/rayitodesol.edu.ec\/","name":"Rayito de Sol","description":"Jardín - Escuela Particular y Cuidado Diario","potentialAction":[{"@type":"SearchAction","target":{"@type":"EntryPoint","urlTemplate":"https:\/\/rayitodesol.edu.ec\/?s={search_term_string}"},"query-input":{"@type":"PropertyValueSpecification","valueRequired":true,"valueName":"search_term_string"}}],"inLanguage":"es"}]}</script>
<!-- / Yoast SEO plugin. -->

Agasajo Día de la Madre del 8 de Mayo - Rayito de Sol

Fecha en la que se festeja a cada una de las mamitas Rayito de Sol destacando su amor incondicional y la capacidad de entrega y devoción que tienen todas con sus hijos.  Se celebra en nuestra institución, el segundo viernes del mes de mayo. Este día homenajeamos a mamá con una pequeña sesión de fotos junto a su niño y además se hace la entrega de detalles especiales como manualidades o tarjetas realizadas por cada uno de ellos.

Jardín - Escuela Particular y Cuidado Diario
