{"id":10800,"date":"2016-07-05T00:00:00","date_gmt":"2016-06-07T07:13:38","guid":{"rendered":"http:\/\/eco-press.cmsmasters.net\/?post_type=tribe_events&#038;p=10800"},"modified":"2022-06-06T18:09:40","modified_gmt":"2022-06-06T23:09:40","slug":"dia-del-nino","status":"publish","type":"tribe_events","link":"https:\/\/rayitodesol.edu.ec\/index.php\/event\/dia-del-nino\/","title":{"rendered":"D\u00eda del Ni\u00f1o"},"content":{"rendered":"<p>Durante este d\u00eda festejamos a nuestros peque\u00f1os con regalos, sorpresas, m\u00fasica, baile, caramelos, mimos, t\u00edteres y caritas pintadas. Una jornada divertida en la que consentimos a nuestros Rayitos de Sol.<\/p>\n<p>Es importante recordar que: \u201cEl homenaje a los ni\u00f1os no se debe limitar al 1 de junio; sin duda, deber\u00eda durar todos los d\u00edas del a\u00f1o, pues son ellos quienes llenan nuestras vidas de alegr\u00eda y dulzura, adem\u00e1s de ser la prueba irrefutable del amor de Dios en la Tierra y el futuro de la Patria\u201d.<\/p>\n","protected":false},"excerpt":{"rendered":"<p>Durante este d\u00eda festejamos a nuestros peque\u00f1os con regalos, sorpresas, m\u00fasica, baile, caramelos, mimos, t\u00edteres y caritas pintadas. Una jornada divertida en la que consentimos a nuestros Rayitos de Sol.<br \/>\nEs importante recordar que: \u201cEl homenaje a los ni\u00f1os no se debe limitar al 1 de junio; sin duda, deber\u00eda durar todos los d\u00edas del a\u00f1o, pues son ellos quienes llenan nuestras vidas de alegr\u00eda y dulzura, adem\u00e1s de ser la prueba irrefutable del amor de Dios en la Tierra y el futuro de la Patria\u201d.<\/p>\n","protected":false},"author":3,"featured_media":14642,"template":"","meta":{"om_disable_all_campaigns":false,"_monsterinsights_skip_tracking":false,"_monsterinsights_sitenote_active":false,"_monsterinsights_sitenote_note":"","_monsterinsights_sitenote_category":0,"_tribe_events_status":"","_tribe_events_status_reason":"","footnotes":""},"tags":[],"tribe_events_cat":[30],"class_list":["post-10800","tribe_events","type-tribe_events","status-publish","has-post-thumbnail","hentry","tribe_events_cat-dias-festivos","cat_dias-festivos"],"yoast_head":"<!-- This site is optimized with the Yoast SEO plugin v27.5 - https:\/\/yoast.com\/product\/yoast-seo-wordpress\/ -->\n<title>D\u00eda del Ni\u00f1o - Rayito de Sol<\/title>\n<meta name=\"robots\" content=\"index, follow, max-snippet:-1, max-image-preview:large, max-video-preview:-1\" \/>\n<link rel=\"canonical\" href=\"https:\/\/rayitodesol.edu.ec\/index.php\/event\/dia-del-nino\/\" \/>\n<meta property=\"og:locale\" content=\"es_ES\" \/>\n<meta property=\"og:type\" content=\"article\" \/>\n<meta property=\"og:title\" content=\"D\u00eda del Ni\u00f1o - Rayito de Sol\" \/>\n<meta property=\"og:description\" content=\"Durante este d\u00eda festejamos a nuestros peque\u00f1os con regalos, sorpresas, m\u00fasica, baile, caramelos, mimos, t\u00edteres y caritas pintadas. Una jornada divertida en la que consentimos a nuestros Rayitos de Sol.  Es importante recordar que: \u201cEl homenaje a los ni\u00f1os no se debe limitar al 1 de junio; sin duda, deber\u00eda durar todos los d\u00edas del a\u00f1o, pues son ellos quienes llenan nuestras vidas de alegr\u00eda y dulzura, adem\u00e1s de ser la prueba irrefutable del amor de Dios en la Tierra y el futuro de la Patria\u201d.\" \/>\n<meta property=\"og:url\" content=\"https:\/\/rayitodesol.edu.ec\/index.php\/event\/dia-del-nino\/\" \/>\n<meta property=\"og:site_name\" content=\"Rayito de Sol\" \/>\n<meta property=\"article:modified_time\" content=\"2022-06-06T23:09:40+00:00\" \/>\n<meta property=\"og:image\" content=\"https:\/\/rayitodesol.edu.ec\/wp-content\/uploads\/2016\/07\/4.jpg\" \/>\n\t<meta property=\"og:image:width\" content=\"700\" \/>\n\t<meta property=\"og:image:height\" content=\"684\" \/>\n\t<meta property=\"og:image:type\" content=\"image\/jpeg\" \/>\n<meta name=\"twitter:card\" content=\"summary_large_image\" \/>\n<meta name=\"twitter:label1\" content=\"Tiempo de lectura\" \/>\n\t<meta name=\"twitter:data1\" content=\"2 minutos\" \/>\n<script type=\"application\/ld+json\" class=\"yoast-schema-graph\">{\"@context\":\"https:\\\/\\\/schema.org\",\"@graph\":[{\"@type\":\"WebPage\",\"@id\":\"https:\\\/\\\/rayitodesol.edu.ec\\\/index.php\\\/event\\\/dia-del-nino\\\/\",\"url\":\"https:\\\/\\\/rayitodesol.edu.ec\\\/index.php\\\/event\\\/dia-del-nino\\\/\",\"name\":\"D\u00eda del Ni\u00f1o - Rayito de Sol\",\"isPartOf\":{\"@id\":\"https:\\\/\\\/rayitodesol.edu.ec\\\/#website\"},\"primaryImageOfPage\":{\"@id\":\"https:\\\/\\\/rayitodesol.edu.ec\\\/index.php\\\/event\\\/dia-del-nino\\\/#primaryimage\"},\"image\":{\"@id\":\"https:\\\/\\\/rayitodesol.edu.ec\\\/index.php\\\/event\\\/dia-del-nino\\\/#primaryimage\"},\"thumbnailUrl\":\"https:\\\/\\\/i0.wp.com\\\/rayitodesol.edu.ec\\\/wp-content\\\/uploads\\\/2016\\\/07\\\/4.jpg?fit=700%2C684&ssl=1\",\"datePublished\":\"2016-06-07T07:13:38+00:00\",\"dateModified\":\"2022-06-06T23:09:40+00:00\",\"breadcrumb\":{\"@id\":\"https:\\\/\\\/rayitodesol.edu.ec\\\/index.php\\\/event\\\/dia-del-nino\\\/#breadcrumb\"},\"inLanguage\":\"es\",\"potentialAction\":[{\"@type\":\"ReadAction\",\"target\":[\"https:\\\/\\\/rayitodesol.edu.ec\\\/index.php\\\/event\\\/dia-del-nino\\\/\"]}]},{\"@type\":\"ImageObject\",\"inLanguage\":\"es\",\"@id\":\"https:\\\/\\\/rayitodesol.edu.ec\\\/index.php\\\/event\\\/dia-del-nino\\\/#primaryimage\",\"url\":\"https:\\\/\\\/i0.wp.com\\\/rayitodesol.edu.ec\\\/wp-content\\\/uploads\\\/2016\\\/07\\\/4.jpg?fit=700%2C684&ssl=1\",\"contentUrl\":\"https:\\\/\\\/i0.wp.com\\\/rayitodesol.edu.ec\\\/wp-content\\\/uploads\\\/2016\\\/07\\\/4.jpg?fit=700%2C684&ssl=1\",\"width\":700,\"height\":684},{\"@type\":\"BreadcrumbList\",\"@id\":\"https:\\\/\\\/rayitodesol.edu.ec\\\/index.php\\\/event\\\/dia-del-nino\\\/#breadcrumb\",\"itemListElement\":[{\"@type\":\"ListItem\",\"position\":1,\"name\":\"Home\",\"item\":\"https:\\\/\\\/rayitodesol.edu.ec\\\/\"},{\"@type\":\"ListItem\",\"position\":2,\"name\":\"Events\",\"item\":\"https:\\\/\\\/rayitodesol.edu.ec\\\/index.php\\\/events\\\/\"},{\"@type\":\"ListItem\",\"position\":3,\"name\":\"D\u00eda del Ni\u00f1o\"}]},{\"@type\":\"WebSite\",\"@id\":\"https:\\\/\\\/rayitodesol.edu.ec\\\/#website\",\"url\":\"https:\\\/\\\/rayitodesol.edu.ec\\\/\",\"name\":\"Rayito de Sol\",\"description\":\"Jard\u00edn - Escuela Particular y Cuidado Diario\",\"potentialAction\":[{\"@type\":\"SearchAction\",\"target\":{\"@type\":\"EntryPoint\",\"urlTemplate\":\"https:\\\/\\\/rayitodesol.edu.ec\\\/?s={search_term_string}\"},\"query-input\":{\"@type\":\"PropertyValueSpecification\",\"valueRequired\":true,\"valueName\":\"search_term_string\"}}],\"inLanguage\":\"es\"}]}<\/script>\n<!-- \/ Yoast SEO plugin. -->","yoast_head_json":{"title":"D\u00eda del Ni\u00f1o - Rayito de Sol","robots":{"index":"index","follow":"follow","max-snippet":"max-snippet:-1","max-image-preview":"max-image-preview:large","max-video-preview":"max-video-preview:-1"},"canonical":"https:\/\/rayitodesol.edu.ec\/index.php\/event\/dia-del-nino\/","og_locale":"es_ES","og_type":"article","og_title":"D\u00eda del Ni\u00f1o - Rayito de Sol","og_description":"Durante este d\u00eda festejamos a nuestros peque\u00f1os con regalos, sorpresas, m\u00fasica, baile, caramelos, mimos, t\u00edteres y caritas pintadas. Una jornada divertida en la que consentimos a nuestros Rayitos de Sol.  Es importante recordar que: \u201cEl homenaje a los ni\u00f1os no se debe limitar al 1 de junio; sin duda, deber\u00eda durar todos los d\u00edas del a\u00f1o, pues son ellos quienes llenan nuestras vidas de alegr\u00eda y dulzura, adem\u00e1s de ser la prueba irrefutable del amor de Dios en la Tierra y el futuro de la Patria\u201d.","og_url":"https:\/\/rayitodesol.edu.ec\/index.php\/event\/dia-del-nino\/","og_site_name":"Rayito de Sol","article_modified_time":"2022-06-06T23:09:40+00:00","og_image":[{"width":700,"height":684,"url":"https:\/\/rayitodesol.edu.ec\/wp-content\/uploads\/2016\/07\/4.jpg","type":"image\/jpeg"}],"twitter_card":"summary_large_image","twitter_misc":{"Tiempo de lectura":"2 minutos"},"schema":{"@context":"https:\/\/schema.org","@graph":[{"@type":"WebPage","@id":"https:\/\/rayitodesol.edu.ec\/index.php\/event\/dia-del-nino\/","url":"https:\/\/rayitodesol.edu.ec\/index.php\/event\/dia-del-nino\/","name":"D\u00eda del Ni\u00f1o - Rayito de Sol","isPartOf":{"@id":"https:\/\/rayitodesol.edu.ec\/#website"},"primaryImageOfPage":{"@id":"https:\/\/rayitodesol.edu.ec\/index.php\/event\/dia-del-nino\/#primaryimage"},"image":{"@id":"https:\/\/rayitodesol.edu.ec\/index.php\/event\/dia-del-nino\/#primaryimage"},"thumbnailUrl":"https:\/\/i0.wp.com\/rayitodesol.edu.ec\/wp-content\/uploads\/2016\/07\/4.jpg?fit=700%2C684&ssl=1","datePublished":"2016-06-07T07:13:38+00:00","dateModified":"2022-06-06T23:09:40+00:00","breadcrumb":{"@id":"https:\/\/rayitodesol.edu.ec\/index.php\/event\/dia-del-nino\/#breadcrumb"},"inLanguage":"es","potentialAction":[{"@type":"ReadAction","target":["https:\/\/rayitodesol.edu.ec\/index.php\/event\/dia-del-nino\/"]}]},{"@type":"ImageObject","inLanguage":"es","@id":"https:\/\/rayitodesol.edu.ec\/index.php\/event\/dia-del-nino\/#primaryimage","url":"https:\/\/i0.wp.com\/rayitodesol.edu.ec\/wp-content\/uploads\/2016\/07\/4.jpg?fit=700%2C684&ssl=1","contentUrl":"https:\/\/i0.wp.com\/rayitodesol.edu.ec\/wp-content\/uploads\/2016\/07\/4.jpg?fit=700%2C684&ssl=1","width":700,"height":684},{"@type":"BreadcrumbList","@id":"https:\/\/rayitodesol.edu.ec\/index.php\/event\/dia-del-nino\/#breadcrumb","itemListElement":[{"@type":"ListItem","position":1,"name":"Home","item":"https:\/\/rayitodesol.edu.ec\/"},{"@type":"ListItem","position":2,"name":"Events","item":"https:\/\/rayitodesol.edu.ec\/index.php\/events\/"},{"@type":"ListItem","position":3,"name":"D\u00eda del Ni\u00f1o"}]},{"@type":"WebSite","@id":"https:\/\/rayitodesol.edu.ec\/#website","url":"https:\/\/rayitodesol.edu.ec\/","name":"Rayito de Sol","description":"Jard\u00edn - Escuela Particular y Cuidado Diario","potentialAction":[{"@type":"SearchAction","target":{"@type":"EntryPoint","urlTemplate":"https:\/\/rayitodesol.edu.ec\/?s={search_term_string}"},"query-input":{"@type":"PropertyValueSpecification","valueRequired":true,"valueName":"search_term_string"}}],"inLanguage":"es"}]}},"jetpack_sharing_enabled":true,"_links":{"self":[{"href":"https:\/\/rayitodesol.edu.ec\/index.php\/wp-json\/wp\/v2\/tribe_events\/10800","targetHints":{"allow":["GET"]}}],"collection":[{"href":"https:\/\/rayitodesol.edu.ec\/index.php\/wp-json\/wp\/v2\/tribe_events"}],"about":[{"href":"https:\/\/rayitodesol.edu.ec\/index.php\/wp-json\/wp\/v2\/types\/tribe_events"}],"author":[{"embeddable":true,"href":"https:\/\/rayitodesol.edu.ec\/index.php\/wp-json\/wp\/v2\/users\/3"}],"version-history":[{"count":6,"href":"https:\/\/rayitodesol.edu.ec\/index.php\/wp-json\/wp\/v2\/tribe_events\/10800\/revisions"}],"predecessor-version":[{"id":14643,"href":"https:\/\/rayitodesol.edu.ec\/index.php\/wp-json\/wp\/v2\/tribe_events\/10800\/revisions\/14643"}],"wp:featuredmedia":[{"embeddable":true,"href":"https:\/\/rayitodesol.edu.ec\/index.php\/wp-json\/wp\/v2\/media\/14642"}],"wp:attachment":[{"href":"https:\/\/rayitodesol.edu.ec\/index.php\/wp-json\/wp\/v2\/media?parent=10800"}],"wp:term":[{"taxonomy":"post_tag","embeddable":true,"href":"https:\/\/rayitodesol.edu.ec\/index.php\/wp-json\/wp\/v2\/tags?post=10800"},{"taxonomy":"tribe_events_cat","embeddable":true,"href":"https:\/\/rayitodesol.edu.ec\/index.php\/wp-json\/wp\/v2\/tribe_events_cat?post=10800"}],"curies":[{"name":"wp","href":"https:\/\/api.w.org\/{rel}","templated":true}]}}

Día del Niño

<p>Durante este día festejamos a nuestros pequeños con regalos, sorpresas, música, baile, caramelos, mimos, títeres y caritas pintadas. Una jornada divertida en la que consentimos a nuestros Rayitos de Sol.</p>
<p>Es importante recordar que: “El homenaje a los niños no se debe limitar al 1 de junio; sin duda, debería durar todos los días del año, pues son ellos quienes llenan nuestras vidas de alegría y dulzura, además de ser la prueba irrefutable del amor de Dios en la Tierra y el futuro de la Patria”.</p>

<p>Durante este día festejamos a nuestros pequeños con regalos, sorpresas, música, baile, caramelos, mimos, títeres y caritas pintadas. Una jornada divertida en la que consentimos a nuestros Rayitos de Sol.<br />
Es importante recordar que: “El homenaje a los niños no se debe limitar al 1 de junio; sin duda, debería durar todos los días del año, pues son ellos quienes llenan nuestras vidas de alegría y dulzura, además de ser la prueba irrefutable del amor de Dios en la Tierra y el futuro de la Patria”.</p>

<!-- This site is optimized with the Yoast SEO plugin v27.5 - https://yoast.com/product/yoast-seo-wordpress/ -->
<title>Día del Niño - Rayito de Sol</title>
<meta name="robots" content="index, follow, max-snippet:-1, max-image-preview:large, max-video-preview:-1" />
<link rel="canonical" href="https://rayitodesol.edu.ec/index.php/event/dia-del-nino/" />
<meta property="og:locale" content="es_ES" />
<meta property="og:type" content="article" />
<meta property="og:title" content="Día del Niño - Rayito de Sol" />
<meta property="og:description" content="Durante este día festejamos a nuestros pequeños con regalos, sorpresas, música, baile, caramelos, mimos, títeres y caritas pintadas. Una jornada divertida en la que consentimos a nuestros Rayitos de Sol.  Es importante recordar que: “El homenaje a los niños no se debe limitar al 1 de junio; sin duda, debería durar todos los días del año, pues son ellos quienes llenan nuestras vidas de alegría y dulzura, además de ser la prueba irrefutable del amor de Dios en la Tierra y el futuro de la Patria”." />
<meta property="og:url" content="https://rayitodesol.edu.ec/index.php/event/dia-del-nino/" />
<meta property="og:site_name" content="Rayito de Sol" />
<meta property="article:modified_time" content="2022-06-06T23:09:40+00:00" />
<meta property="og:image" content="https://rayitodesol.edu.ec/wp-content/uploads/2016/07/4.jpg" />
	<meta property="og:image:width" content="700" />
	<meta property="og:image:height" content="684" />
	<meta property="og:image:type" content="image/jpeg" />
<meta name="twitter:card" content="summary_large_image" />
<meta name="twitter:label1" content="Tiempo de lectura" />
	<meta name="twitter:data1" content="2 minutos" />
<script type="application/ld+json" class="yoast-schema-graph">{"@context":"https:\/\/schema.org","@graph":[{"@type":"WebPage","@id":"https:\/\/rayitodesol.edu.ec\/index.php\/event\/dia-del-nino\/","url":"https:\/\/rayitodesol.edu.ec\/index.php\/event\/dia-del-nino\/","name":"Día del Niño - Rayito de Sol","isPartOf":{"@id":"https:\/\/rayitodesol.edu.ec\/#website"},"primaryImageOfPage":{"@id":"https:\/\/rayitodesol.edu.ec\/index.php\/event\/dia-del-nino\/#primaryimage"},"image":{"@id":"https:\/\/rayitodesol.edu.ec\/index.php\/event\/dia-del-nino\/#primaryimage"},"thumbnailUrl":"https:\/\/i0.wp.com\/rayitodesol.edu.ec\/wp-content\/uploads\/2016\/07\/4.jpg?fit=700%2C684&ssl=1","datePublished":"2016-06-07T07:13:38+00:00","dateModified":"2022-06-06T23:09:40+00:00","breadcrumb":{"@id":"https:\/\/rayitodesol.edu.ec\/index.php\/event\/dia-del-nino\/#breadcrumb"},"inLanguage":"es","potentialAction":[{"@type":"ReadAction","target":["https:\/\/rayitodesol.edu.ec\/index.php\/event\/dia-del-nino\/"]}]},{"@type":"ImageObject","inLanguage":"es","@id":"https:\/\/rayitodesol.edu.ec\/index.php\/event\/dia-del-nino\/#primaryimage","url":"https:\/\/i0.wp.com\/rayitodesol.edu.ec\/wp-content\/uploads\/2016\/07\/4.jpg?fit=700%2C684&ssl=1","contentUrl":"https:\/\/i0.wp.com\/rayitodesol.edu.ec\/wp-content\/uploads\/2016\/07\/4.jpg?fit=700%2C684&ssl=1","width":700,"height":684},{"@type":"BreadcrumbList","@id":"https:\/\/rayitodesol.edu.ec\/index.php\/event\/dia-del-nino\/#breadcrumb","itemListElement":[{"@type":"ListItem","position":1,"name":"Home","item":"https:\/\/rayitodesol.edu.ec\/"},{"@type":"ListItem","position":2,"name":"Events","item":"https:\/\/rayitodesol.edu.ec\/index.php\/events\/"},{"@type":"ListItem","position":3,"name":"Día del Niño"}]},{"@type":"WebSite","@id":"https:\/\/rayitodesol.edu.ec\/#website","url":"https:\/\/rayitodesol.edu.ec\/","name":"Rayito de Sol","description":"Jardín - Escuela Particular y Cuidado Diario","potentialAction":[{"@type":"SearchAction","target":{"@type":"EntryPoint","urlTemplate":"https:\/\/rayitodesol.edu.ec\/?s={search_term_string}"},"query-input":{"@type":"PropertyValueSpecification","valueRequired":true,"valueName":"search_term_string"}}],"inLanguage":"es"}]}</script>
<!-- / Yoast SEO plugin. -->

Día del Niño - Rayito de Sol

Durante este día festejamos a nuestros pequeños con regalos, sorpresas, música, baile, caramelos, mimos, títeres y caritas pintadas. Una jornada divertida en la que consentimos a nuestros Rayitos de Sol.  Es importante recordar que: “El homenaje a los niños no se debe limitar al 1 de junio; sin duda, debería durar todos los días del año, pues son ellos quienes llenan nuestras vidas de alegría y dulzura, además de ser la prueba irrefutable del amor de Dios en la Tierra y el futuro de la Patria”.

Jardín - Escuela Particular y Cuidado Diario
