{"id":10805,"date":"2016-07-26T00:00:00","date_gmt":"2016-06-07T07:26:15","guid":{"rendered":"http:\/\/eco-press.cmsmasters.net\/?post_type=tribe_events&#038;p=10805"},"modified":"2022-06-06T18:11:47","modified_gmt":"2022-06-06T23:11:47","slug":"agasajo-dia-del-padre-del-19-de-junio","status":"publish","type":"tribe_events","link":"https:\/\/rayitodesol.edu.ec\/index.php\/event\/agasajo-dia-del-padre-del-19-de-junio\/","title":{"rendered":"Agasajo D\u00eda del Padre del 19 de Junio"},"content":{"rendered":"<p>Es una fecha muy especial y familiar. Lo celebramos en nuestra instituci\u00f3n el tercer viernes del mes de junio. D\u00eda en el que se festeja a los padres o a los t\u00edos y abuelos quienes muchas veces desempe\u00f1an el rol y hacen la figura de pap\u00e1 para nuestros ni\u00f1os.<\/p>\n<p>Durante este d\u00eda especial, homenajeamos a cada uno de los papitos con sesi\u00f3n de fotos junto a su ni\u00f1o, como tambi\u00e9n se hace la entrega de detalles especiales que podr\u00edan ser manualidades o tarjetas realizadas por cada uno de sus hijos.<\/p>\n","protected":false},"excerpt":{"rendered":"<p>Es una fecha muy especial y familiar. Lo celebramos en nuestra instituci\u00f3n el tercer viernes del mes de junio. D\u00eda en el que se festeja a los padres o a los t\u00edos y abuelos quienes muchas veces desempe\u00f1an el rol y hacen la figura de pap\u00e1 para nuestros ni\u00f1os.<br \/>\nDurante este d\u00eda especial, homenajeamos a cada uno de los papitos con sesi\u00f3n de fotos junto a su ni\u00f1o, como tambi\u00e9n se hace la entrega de detalles especiales que podr\u00edan ser manualidades o tarjetas realizadas por cada uno de sus hijos. <\/p>\n","protected":false},"author":3,"featured_media":14646,"template":"","meta":{"om_disable_all_campaigns":false,"_monsterinsights_skip_tracking":false,"_monsterinsights_sitenote_active":false,"_monsterinsights_sitenote_note":"","_monsterinsights_sitenote_category":0,"_tribe_events_status":"","_tribe_events_status_reason":"","footnotes":""},"tags":[],"tribe_events_cat":[30],"class_list":["post-10805","tribe_events","type-tribe_events","status-publish","has-post-thumbnail","hentry","tribe_events_cat-dias-festivos","cat_dias-festivos"],"yoast_head":"<!-- This site is optimized with the Yoast SEO plugin v27.5 - https:\/\/yoast.com\/product\/yoast-seo-wordpress\/ -->\n<title>Agasajo D\u00eda del Padre del 19 de Junio - Rayito de Sol<\/title>\n<meta name=\"robots\" content=\"index, follow, max-snippet:-1, max-image-preview:large, max-video-preview:-1\" \/>\n<link rel=\"canonical\" href=\"https:\/\/rayitodesol.edu.ec\/index.php\/event\/agasajo-dia-del-padre-del-19-de-junio\/\" \/>\n<meta property=\"og:locale\" content=\"es_ES\" \/>\n<meta property=\"og:type\" content=\"article\" \/>\n<meta property=\"og:title\" content=\"Agasajo D\u00eda del Padre del 19 de Junio - Rayito de Sol\" \/>\n<meta property=\"og:description\" content=\"Es una fecha muy especial y familiar. Lo celebramos en nuestra instituci\u00f3n el tercer viernes del mes de junio. D\u00eda en el que se festeja a los padres o a los t\u00edos y abuelos quienes muchas veces desempe\u00f1an el rol y hacen la figura de pap\u00e1 para nuestros ni\u00f1os.  Durante este d\u00eda especial, homenajeamos a cada uno de los papitos con sesi\u00f3n de fotos junto a su ni\u00f1o, como tambi\u00e9n se hace la entrega de detalles especiales que podr\u00edan ser manualidades o tarjetas realizadas por cada uno de sus hijos.\" \/>\n<meta property=\"og:url\" content=\"https:\/\/rayitodesol.edu.ec\/index.php\/event\/agasajo-dia-del-padre-del-19-de-junio\/\" \/>\n<meta property=\"og:site_name\" content=\"Rayito de Sol\" \/>\n<meta property=\"article:modified_time\" content=\"2022-06-06T23:11:47+00:00\" \/>\n<meta property=\"og:image\" content=\"https:\/\/rayitodesol.edu.ec\/wp-content\/uploads\/2016\/07\/7.jpg\" \/>\n\t<meta property=\"og:image:width\" content=\"714\" \/>\n\t<meta property=\"og:image:height\" content=\"963\" \/>\n\t<meta property=\"og:image:type\" content=\"image\/jpeg\" \/>\n<meta name=\"twitter:card\" content=\"summary_large_image\" \/>\n<meta name=\"twitter:label1\" content=\"Tiempo de lectura\" \/>\n\t<meta name=\"twitter:data1\" content=\"1 minuto\" \/>\n<script type=\"application\/ld+json\" class=\"yoast-schema-graph\">{\"@context\":\"https:\\\/\\\/schema.org\",\"@graph\":[{\"@type\":\"WebPage\",\"@id\":\"https:\\\/\\\/rayitodesol.edu.ec\\\/index.php\\\/event\\\/agasajo-dia-del-padre-del-19-de-junio\\\/\",\"url\":\"https:\\\/\\\/rayitodesol.edu.ec\\\/index.php\\\/event\\\/agasajo-dia-del-padre-del-19-de-junio\\\/\",\"name\":\"Agasajo D\u00eda del Padre del 19 de Junio - Rayito de Sol\",\"isPartOf\":{\"@id\":\"https:\\\/\\\/rayitodesol.edu.ec\\\/#website\"},\"primaryImageOfPage\":{\"@id\":\"https:\\\/\\\/rayitodesol.edu.ec\\\/index.php\\\/event\\\/agasajo-dia-del-padre-del-19-de-junio\\\/#primaryimage\"},\"image\":{\"@id\":\"https:\\\/\\\/rayitodesol.edu.ec\\\/index.php\\\/event\\\/agasajo-dia-del-padre-del-19-de-junio\\\/#primaryimage\"},\"thumbnailUrl\":\"https:\\\/\\\/i0.wp.com\\\/rayitodesol.edu.ec\\\/wp-content\\\/uploads\\\/2016\\\/07\\\/7.jpg?fit=714%2C963&ssl=1\",\"datePublished\":\"2016-06-07T07:26:15+00:00\",\"dateModified\":\"2022-06-06T23:11:47+00:00\",\"breadcrumb\":{\"@id\":\"https:\\\/\\\/rayitodesol.edu.ec\\\/index.php\\\/event\\\/agasajo-dia-del-padre-del-19-de-junio\\\/#breadcrumb\"},\"inLanguage\":\"es\",\"potentialAction\":[{\"@type\":\"ReadAction\",\"target\":[\"https:\\\/\\\/rayitodesol.edu.ec\\\/index.php\\\/event\\\/agasajo-dia-del-padre-del-19-de-junio\\\/\"]}]},{\"@type\":\"ImageObject\",\"inLanguage\":\"es\",\"@id\":\"https:\\\/\\\/rayitodesol.edu.ec\\\/index.php\\\/event\\\/agasajo-dia-del-padre-del-19-de-junio\\\/#primaryimage\",\"url\":\"https:\\\/\\\/i0.wp.com\\\/rayitodesol.edu.ec\\\/wp-content\\\/uploads\\\/2016\\\/07\\\/7.jpg?fit=714%2C963&ssl=1\",\"contentUrl\":\"https:\\\/\\\/i0.wp.com\\\/rayitodesol.edu.ec\\\/wp-content\\\/uploads\\\/2016\\\/07\\\/7.jpg?fit=714%2C963&ssl=1\",\"width\":714,\"height\":963},{\"@type\":\"BreadcrumbList\",\"@id\":\"https:\\\/\\\/rayitodesol.edu.ec\\\/index.php\\\/event\\\/agasajo-dia-del-padre-del-19-de-junio\\\/#breadcrumb\",\"itemListElement\":[{\"@type\":\"ListItem\",\"position\":1,\"name\":\"Home\",\"item\":\"https:\\\/\\\/rayitodesol.edu.ec\\\/\"},{\"@type\":\"ListItem\",\"position\":2,\"name\":\"Events\",\"item\":\"https:\\\/\\\/rayitodesol.edu.ec\\\/index.php\\\/events\\\/\"},{\"@type\":\"ListItem\",\"position\":3,\"name\":\"Agasajo D\u00eda del Padre del 19 de Junio\"}]},{\"@type\":\"WebSite\",\"@id\":\"https:\\\/\\\/rayitodesol.edu.ec\\\/#website\",\"url\":\"https:\\\/\\\/rayitodesol.edu.ec\\\/\",\"name\":\"Rayito de Sol\",\"description\":\"Jard\u00edn - Escuela Particular y Cuidado Diario\",\"potentialAction\":[{\"@type\":\"SearchAction\",\"target\":{\"@type\":\"EntryPoint\",\"urlTemplate\":\"https:\\\/\\\/rayitodesol.edu.ec\\\/?s={search_term_string}\"},\"query-input\":{\"@type\":\"PropertyValueSpecification\",\"valueRequired\":true,\"valueName\":\"search_term_string\"}}],\"inLanguage\":\"es\"}]}<\/script>\n<!-- \/ Yoast SEO plugin. -->","yoast_head_json":{"title":"Agasajo D\u00eda del Padre del 19 de Junio - Rayito de Sol","robots":{"index":"index","follow":"follow","max-snippet":"max-snippet:-1","max-image-preview":"max-image-preview:large","max-video-preview":"max-video-preview:-1"},"canonical":"https:\/\/rayitodesol.edu.ec\/index.php\/event\/agasajo-dia-del-padre-del-19-de-junio\/","og_locale":"es_ES","og_type":"article","og_title":"Agasajo D\u00eda del Padre del 19 de Junio - Rayito de Sol","og_description":"Es una fecha muy especial y familiar. Lo celebramos en nuestra instituci\u00f3n el tercer viernes del mes de junio. D\u00eda en el que se festeja a los padres o a los t\u00edos y abuelos quienes muchas veces desempe\u00f1an el rol y hacen la figura de pap\u00e1 para nuestros ni\u00f1os.  Durante este d\u00eda especial, homenajeamos a cada uno de los papitos con sesi\u00f3n de fotos junto a su ni\u00f1o, como tambi\u00e9n se hace la entrega de detalles especiales que podr\u00edan ser manualidades o tarjetas realizadas por cada uno de sus hijos.","og_url":"https:\/\/rayitodesol.edu.ec\/index.php\/event\/agasajo-dia-del-padre-del-19-de-junio\/","og_site_name":"Rayito de Sol","article_modified_time":"2022-06-06T23:11:47+00:00","og_image":[{"width":714,"height":963,"url":"https:\/\/rayitodesol.edu.ec\/wp-content\/uploads\/2016\/07\/7.jpg","type":"image\/jpeg"}],"twitter_card":"summary_large_image","twitter_misc":{"Tiempo de lectura":"1 minuto"},"schema":{"@context":"https:\/\/schema.org","@graph":[{"@type":"WebPage","@id":"https:\/\/rayitodesol.edu.ec\/index.php\/event\/agasajo-dia-del-padre-del-19-de-junio\/","url":"https:\/\/rayitodesol.edu.ec\/index.php\/event\/agasajo-dia-del-padre-del-19-de-junio\/","name":"Agasajo D\u00eda del Padre del 19 de Junio - Rayito de Sol","isPartOf":{"@id":"https:\/\/rayitodesol.edu.ec\/#website"},"primaryImageOfPage":{"@id":"https:\/\/rayitodesol.edu.ec\/index.php\/event\/agasajo-dia-del-padre-del-19-de-junio\/#primaryimage"},"image":{"@id":"https:\/\/rayitodesol.edu.ec\/index.php\/event\/agasajo-dia-del-padre-del-19-de-junio\/#primaryimage"},"thumbnailUrl":"https:\/\/i0.wp.com\/rayitodesol.edu.ec\/wp-content\/uploads\/2016\/07\/7.jpg?fit=714%2C963&ssl=1","datePublished":"2016-06-07T07:26:15+00:00","dateModified":"2022-06-06T23:11:47+00:00","breadcrumb":{"@id":"https:\/\/rayitodesol.edu.ec\/index.php\/event\/agasajo-dia-del-padre-del-19-de-junio\/#breadcrumb"},"inLanguage":"es","potentialAction":[{"@type":"ReadAction","target":["https:\/\/rayitodesol.edu.ec\/index.php\/event\/agasajo-dia-del-padre-del-19-de-junio\/"]}]},{"@type":"ImageObject","inLanguage":"es","@id":"https:\/\/rayitodesol.edu.ec\/index.php\/event\/agasajo-dia-del-padre-del-19-de-junio\/#primaryimage","url":"https:\/\/i0.wp.com\/rayitodesol.edu.ec\/wp-content\/uploads\/2016\/07\/7.jpg?fit=714%2C963&ssl=1","contentUrl":"https:\/\/i0.wp.com\/rayitodesol.edu.ec\/wp-content\/uploads\/2016\/07\/7.jpg?fit=714%2C963&ssl=1","width":714,"height":963},{"@type":"BreadcrumbList","@id":"https:\/\/rayitodesol.edu.ec\/index.php\/event\/agasajo-dia-del-padre-del-19-de-junio\/#breadcrumb","itemListElement":[{"@type":"ListItem","position":1,"name":"Home","item":"https:\/\/rayitodesol.edu.ec\/"},{"@type":"ListItem","position":2,"name":"Events","item":"https:\/\/rayitodesol.edu.ec\/index.php\/events\/"},{"@type":"ListItem","position":3,"name":"Agasajo D\u00eda del Padre del 19 de Junio"}]},{"@type":"WebSite","@id":"https:\/\/rayitodesol.edu.ec\/#website","url":"https:\/\/rayitodesol.edu.ec\/","name":"Rayito de Sol","description":"Jard\u00edn - Escuela Particular y Cuidado Diario","potentialAction":[{"@type":"SearchAction","target":{"@type":"EntryPoint","urlTemplate":"https:\/\/rayitodesol.edu.ec\/?s={search_term_string}"},"query-input":{"@type":"PropertyValueSpecification","valueRequired":true,"valueName":"search_term_string"}}],"inLanguage":"es"}]}},"jetpack_sharing_enabled":true,"_links":{"self":[{"href":"https:\/\/rayitodesol.edu.ec\/index.php\/wp-json\/wp\/v2\/tribe_events\/10805","targetHints":{"allow":["GET"]}}],"collection":[{"href":"https:\/\/rayitodesol.edu.ec\/index.php\/wp-json\/wp\/v2\/tribe_events"}],"about":[{"href":"https:\/\/rayitodesol.edu.ec\/index.php\/wp-json\/wp\/v2\/types\/tribe_events"}],"author":[{"embeddable":true,"href":"https:\/\/rayitodesol.edu.ec\/index.php\/wp-json\/wp\/v2\/users\/3"}],"version-history":[{"count":2,"href":"https:\/\/rayitodesol.edu.ec\/index.php\/wp-json\/wp\/v2\/tribe_events\/10805\/revisions"}],"predecessor-version":[{"id":14647,"href":"https:\/\/rayitodesol.edu.ec\/index.php\/wp-json\/wp\/v2\/tribe_events\/10805\/revisions\/14647"}],"wp:featuredmedia":[{"embeddable":true,"href":"https:\/\/rayitodesol.edu.ec\/index.php\/wp-json\/wp\/v2\/media\/14646"}],"wp:attachment":[{"href":"https:\/\/rayitodesol.edu.ec\/index.php\/wp-json\/wp\/v2\/media?parent=10805"}],"wp:term":[{"taxonomy":"post_tag","embeddable":true,"href":"https:\/\/rayitodesol.edu.ec\/index.php\/wp-json\/wp\/v2\/tags?post=10805"},{"taxonomy":"tribe_events_cat","embeddable":true,"href":"https:\/\/rayitodesol.edu.ec\/index.php\/wp-json\/wp\/v2\/tribe_events_cat?post=10805"}],"curies":[{"name":"wp","href":"https:\/\/api.w.org\/{rel}","templated":true}]}}

Agasajo Día del Padre del 19 de Junio

<p>Es una fecha muy especial y familiar. Lo celebramos en nuestra institución el tercer viernes del mes de junio. Día en el que se festeja a los padres o a los tíos y abuelos quienes muchas veces desempeñan el rol y hacen la figura de papá para nuestros niños.</p>
<p>Durante este día especial, homenajeamos a cada uno de los papitos con sesión de fotos junto a su niño, como también se hace la entrega de detalles especiales que podrían ser manualidades o tarjetas realizadas por cada uno de sus hijos.</p>

<p>Es una fecha muy especial y familiar. Lo celebramos en nuestra institución el tercer viernes del mes de junio. Día en el que se festeja a los padres o a los tíos y abuelos quienes muchas veces desempeñan el rol y hacen la figura de papá para nuestros niños.<br />
Durante este día especial, homenajeamos a cada uno de los papitos con sesión de fotos junto a su niño, como también se hace la entrega de detalles especiales que podrían ser manualidades o tarjetas realizadas por cada uno de sus hijos. </p>

<!-- This site is optimized with the Yoast SEO plugin v27.5 - https://yoast.com/product/yoast-seo-wordpress/ -->
<title>Agasajo Día del Padre del 19 de Junio - Rayito de Sol</title>
<meta name="robots" content="index, follow, max-snippet:-1, max-image-preview:large, max-video-preview:-1" />
<link rel="canonical" href="https://rayitodesol.edu.ec/index.php/event/agasajo-dia-del-padre-del-19-de-junio/" />
<meta property="og:locale" content="es_ES" />
<meta property="og:type" content="article" />
<meta property="og:title" content="Agasajo Día del Padre del 19 de Junio - Rayito de Sol" />
<meta property="og:description" content="Es una fecha muy especial y familiar. Lo celebramos en nuestra institución el tercer viernes del mes de junio. Día en el que se festeja a los padres o a los tíos y abuelos quienes muchas veces desempeñan el rol y hacen la figura de papá para nuestros niños.  Durante este día especial, homenajeamos a cada uno de los papitos con sesión de fotos junto a su niño, como también se hace la entrega de detalles especiales que podrían ser manualidades o tarjetas realizadas por cada uno de sus hijos." />
<meta property="og:url" content="https://rayitodesol.edu.ec/index.php/event/agasajo-dia-del-padre-del-19-de-junio/" />
<meta property="og:site_name" content="Rayito de Sol" />
<meta property="article:modified_time" content="2022-06-06T23:11:47+00:00" />
<meta property="og:image" content="https://rayitodesol.edu.ec/wp-content/uploads/2016/07/7.jpg" />
	<meta property="og:image:width" content="714" />
	<meta property="og:image:height" content="963" />
	<meta property="og:image:type" content="image/jpeg" />
<meta name="twitter:card" content="summary_large_image" />
<meta name="twitter:label1" content="Tiempo de lectura" />
	<meta name="twitter:data1" content="1 minuto" />
<script type="application/ld+json" class="yoast-schema-graph">{"@context":"https:\/\/schema.org","@graph":[{"@type":"WebPage","@id":"https:\/\/rayitodesol.edu.ec\/index.php\/event\/agasajo-dia-del-padre-del-19-de-junio\/","url":"https:\/\/rayitodesol.edu.ec\/index.php\/event\/agasajo-dia-del-padre-del-19-de-junio\/","name":"Agasajo Día del Padre del 19 de Junio - Rayito de Sol","isPartOf":{"@id":"https:\/\/rayitodesol.edu.ec\/#website"},"primaryImageOfPage":{"@id":"https:\/\/rayitodesol.edu.ec\/index.php\/event\/agasajo-dia-del-padre-del-19-de-junio\/#primaryimage"},"image":{"@id":"https:\/\/rayitodesol.edu.ec\/index.php\/event\/agasajo-dia-del-padre-del-19-de-junio\/#primaryimage"},"thumbnailUrl":"https:\/\/i0.wp.com\/rayitodesol.edu.ec\/wp-content\/uploads\/2016\/07\/7.jpg?fit=714%2C963&ssl=1","datePublished":"2016-06-07T07:26:15+00:00","dateModified":"2022-06-06T23:11:47+00:00","breadcrumb":{"@id":"https:\/\/rayitodesol.edu.ec\/index.php\/event\/agasajo-dia-del-padre-del-19-de-junio\/#breadcrumb"},"inLanguage":"es","potentialAction":[{"@type":"ReadAction","target":["https:\/\/rayitodesol.edu.ec\/index.php\/event\/agasajo-dia-del-padre-del-19-de-junio\/"]}]},{"@type":"ImageObject","inLanguage":"es","@id":"https:\/\/rayitodesol.edu.ec\/index.php\/event\/agasajo-dia-del-padre-del-19-de-junio\/#primaryimage","url":"https:\/\/i0.wp.com\/rayitodesol.edu.ec\/wp-content\/uploads\/2016\/07\/7.jpg?fit=714%2C963&ssl=1","contentUrl":"https:\/\/i0.wp.com\/rayitodesol.edu.ec\/wp-content\/uploads\/2016\/07\/7.jpg?fit=714%2C963&ssl=1","width":714,"height":963},{"@type":"BreadcrumbList","@id":"https:\/\/rayitodesol.edu.ec\/index.php\/event\/agasajo-dia-del-padre-del-19-de-junio\/#breadcrumb","itemListElement":[{"@type":"ListItem","position":1,"name":"Home","item":"https:\/\/rayitodesol.edu.ec\/"},{"@type":"ListItem","position":2,"name":"Events","item":"https:\/\/rayitodesol.edu.ec\/index.php\/events\/"},{"@type":"ListItem","position":3,"name":"Agasajo Día del Padre del 19 de Junio"}]},{"@type":"WebSite","@id":"https:\/\/rayitodesol.edu.ec\/#website","url":"https:\/\/rayitodesol.edu.ec\/","name":"Rayito de Sol","description":"Jardín - Escuela Particular y Cuidado Diario","potentialAction":[{"@type":"SearchAction","target":{"@type":"EntryPoint","urlTemplate":"https:\/\/rayitodesol.edu.ec\/?s={search_term_string}"},"query-input":{"@type":"PropertyValueSpecification","valueRequired":true,"valueName":"search_term_string"}}],"inLanguage":"es"}]}</script>
<!-- / Yoast SEO plugin. -->

Agasajo Día del Padre del 19 de Junio - Rayito de Sol

Es una fecha muy especial y familiar. Lo celebramos en nuestra institución el tercer viernes del mes de junio. Día en el que se festeja a los padres o a los tíos y abuelos quienes muchas veces desempeñan el rol y hacen la figura de papá para nuestros niños.  Durante este día especial, homenajeamos a cada uno de los papitos con sesión de fotos junto a su niño, como también se hace la entrega de detalles especiales que podrían ser manualidades o tarjetas realizadas por cada uno de sus hijos.

Jardín - Escuela Particular y Cuidado Diario
